0003443
In base 12, what is -4698 - 23a5?
-6a81
In base 16, what is 405 - 5b1f?
-571a
In base 4, what is 3321120 + 122133?
10103313
In base 3, what is 12 - 111200010201211222?
-111200010201211210
In base 10, what is -167 + -276883?
-277050
In base 3, what is 10100221 - -1221020002?
2001121000
In base 7, what is -2225644314 - 14?
-2225644331
In base 10, what is -80 + -12402?
-12482
In base 10, what is -642895 + -477?
-643372
In base 5, what is -104 - 102204301?
-102204410
In base 11, what is 35 - -213981?
213a06
In base 15, what is 6a2e03 - -1?
6a2e04
In base 2, what is 1110010 + 1010111010111001?
1010111100101011
In base 12, what is a69 + a3?
b50
In base 6, what is -102552122 + 24?
-102552054
In base 16, what is -18b + -1161?
-12ec
In base 15, what is -16d9a2 + -113?
-16dab5
In base 6, what is -1215420 - -13314?
-1202102
In base 11, what is -581129 + 3?
-581126
In base 9, what is -5 - -55501272?
55501266
In base 2, what is -100010 - -100000110010101001?
100000110010000111
In base 7, what is 1 + 26106406?
26106410
In base 7, what is -43043 + 45541?
2465
In base 16, what is -30d - db89?
-de96
In base 9, what is 6117 + 3843?
11061
In base 11, what is 862931 + -245?
862697
In base 5, what is 210 + -10213303?
-10213043
In base 16, what is -16b8b - -8d?
-16afe
In base 12, what is 9643 - 17a?
9485
In base 13, what is 5 + 16bc817?
16bc81c
In base 12, what is 5402 + -16b9?
3905
In base 8, what is 0 + 464257724?
464257724
In base 2, what is 100 - -100100010011100011110?
100100010011100100010
In base 9, what is -25488351 - -1?
-25488350
In base 3, what is 2012002000120 - -2210?
2012002010100
In base 6, what is -111145 + 1111?
-110034
In base 5, what is -103022321240 - -1?
-103022321234
In base 16, what is -4 + -32964c8?
-32964cc
In base 16, what is -3eee28 - -4?
-3eee24
In base 8, what is 10463501 + 13?
10463514
In base 12, what is -b03 - -153b?
638
In base 7, what is 211133 - -1431?
212564
In base 11, what is -26315539 + 5?
-26315534
In base 12, what is -4 - -54b72?
54b6a
In base 12, what is 3ab61 - 6?
3ab57
In base 14, what is -33 + -13359?
-1338c
In base 14, what is -671596 + 1b?
-671579
In base 2, what is 1010001010100000100111110 - 100?
1010001010100000100111010
In base 7, what is -112 - -453451?
453336
In base 7, what is 34511 + -135454?
-100643
In base 3, what is 1222220112 - -200122210?
2200120022
In base 13, what is 2c4020a - -3?
2c40210
In base 3, what is -1112211020102 - -122000?
-1112210121102
In base 12, what is -60a + 2076b?
20161
In base 4, what is -123131 - -101000?
-22131
In base 10, what is -7207177 - 0?
-7207177
In base 15, what is 12a8a3d - -8?
12a8a46
In base 14, what is 8db15 - -36?
8db4b
In base 6, what is -2245432 + -212?
-2250044
In base 5, what is -110414303201 - -4?
-110414303142
In base 11, what is 4942424a - -1a?
49424269
In base 15, what is 4c1e - 3a70?
119e
In base 9, what is 1737184 - 3?
1737181
In base 10, what is 32 - 2553887?
-2553855
In base 14, what is 3038d6 + -1?
3038d5
In base 16, what is -189cb7 + -49?
-189d00
In base 14, what is 58814 + 2c?
58842
In base 13, what is 10a - 115b?
-1051
In base 5, what is 400 - -1301403?
1302303
In base 14, what is 44204 - -c3?
442c7
In base 9, what is -1 + 75155834?
75155833
In base 2, what is 10001110011011001011011 + -1?
10001110011011001011010
In base 10, what is -60513247 - 5?
-60513252
In base 2, what is 1001 - 11000010011110111010001?
-11000010011110111001000
In base 11, what is 232 + -1a94a96?
-1a94864
In base 9, what is 2 + 30774864?
30774866
In base 5, what is 21111 + -10433311?
-10412200
In base 5, what is -3432340 + -3?
-3432343
In base 16, what is -2 + acbf05?
acbf03
In base 9, what is 4 + -12241556?
-12241552
In base 13, what is 12 - 78820?
-7880b
In base 7, what is -153 - -24246002?
24245516
In base 7, what is 6235 + 1131?
10366
In base 8, what is -2 - -647747400?
647747376
In base 12, what is 1933b + -b7?
19244
In base 7, what is 442 - -21406244?
21410016
In base 11, what is -212a94 + -210?
-2131a4
In base 12, what is 196804a - -26?
1968074
In base 15, what is -169c - 470?
-1b1c
In base 15, what is -378 - c2a?
-10a3
In base 16, what is 7 + 35b47fa?
35b4801
In base 5, what is -1320312 - -1404?
-1313403
In base 7, what is 1 - 100163323?
-100163322
In base 5, what is 242104 - 20224130?
-14432021
In base 15, what is -7d2 - 10ed2?
-117b4
In base 12, what is 17440 + -1264?
16198
In base 9, what is -320746 + 187?
-320548
In base 5, what is -3022 + -420?
-3442
In base 12, what is -3 - -5907933?
5907930
In base 2, what is -100001 - 111100110011000011011?
-111100110011000111100
In base 5, what is 130 - -2432014?
2432144
In base 12, what is -11724b - -1a6?
-117065
In base 3, what is 10020 - 10210100110?
-10210020020
In base 10, what is -50 + -3143881?
-3143931
In base 13, what is 227 - 29a793?
-29a569
In base 16, what is -4 - 4a9f19?
-4a9f1d
In base 4, what is 10103212230233 + -1?
10103212230232
In base 16, what is -5 + -6fa7754?
-6fa7759
In base 2, what is -1001101011111 + -10011110101001110?
-10101000010101101
In base 3, what is -10111101 - -1022110100?
1011221222
In base 9, what is -1034224 - 5?
-1034230
In base 5, what is 144221032320 + -3?
144221032312
In base 7, what is 220 - 24424452?
-24424232
In base 16, what is aa42d - 2?
aa42b
In base 4, what is -110311 - -11020231?
10303320
In base 13, what is -33 + -1648615?
-1648648
In base 7, what is -202234122 - -5?
-202234114
In base 13, what is 78b0 - -2c6?
7ba6
In base 5, what is 0 - -1114311142?
1114311142
In base 16, what is -3a6 + 3f0?
4a
In base 2, what is 1111000001011011011 - 101?
1111000001011010110
In base 12, what is 4178120 + -2?
417811a
In base 11, what is 526147 + 0?
526147
In base 8, what is -51170742 + 161?
-51170561
In base 7, what is -3 + -1444064225?
-1444064231
In base 12, what is 91032 - -1a?
91050
In base 11, what is 10495879 - 22?
10495857
In base 7, what is 64 + 4426460?
4426554
In base 12, what is -737721 + 5?
-737718
In base 10, what is 247599 + 15?
247614
In base 10, what is 11 + 38802323?
38802334
In base 13, what is 27 - 1cb76?
-1cb4c
In base 9, what is 20 - -21243851?
21243871
In base 9, what is 4 + 11001725?
11001730
In base 11, what is 101aa3249 - -3?
101aa3251
In base 11, what is -55443085 - -4?
-55443081
In base 11, what is -26 - -43160?
43135
In base 3, what is 200211001110120 + -112?
200211001110001
In base 7, what is 1033214 - 1?
1033213
In base 9, what is 20 - -104608?
104628
In base 16, what is -19c - 133?
-2cf
In base 6, what is 1112500 + -41?
1112415
In base 14, what is -49c76 + -b?
-49c83
In base 15, what is -132d80 - 122?
-132ea2
In base 2, what is 100101101111000000 - -1011110?
100101110000011110
In base 3, what is 10110210221 - -102010?
10111020001
In base 3, what is 2002211002211 - 122?
2002211002012
In base 12, what is -2a4a9 - -18a5?
-28804
In base 14, what is -2ca6 + -5c65?
-8b2b
In base 4, what is 320010011 + -110?
320003301
In base 2, what is 10010011 - -100110101111101111001?
100110110000000001100
In base 12, what is 130335 - a?
130327
In base 9, what is 264 + 27822?
28186
In base 2, what is 101000100000010101101101 + -1101000?
101000100000010100000101
In base 12, what is -68301 + 38?
-68285
In base 11, what is 403 - 5121?
-4819
In base 7, what is -16436 + -35642?
-55411
In base 6, what is -1001 - 321301?
-322302
In base 14, what is -1a1ba19 - -2?
-1a1ba17
In base 6, what is 14032351 + -5?
14032342
In base 5, what is 10 - -303133041?
303133101
In base 4, what is 1 + 2220103130131?
2220103130132
In base 5, what is 321 + -111401111?
-111400240
In base 3, what is -20 - -12100200102020?
12100200102000
In base 3, what is 2112102101101010 + -1?
2112102101101002
In base 10, what is -3009 + 1237?
-1772
In base 16, what is -142d5 + 33?
-142a2
In base 10, what is -446 - 2750?
-3196
In base 10, what is -1 + -669916?
-669917
In base 16, what is -f2977 - -229?
-f274e
In base 10, what is -2171 - 592?
-2763
In base 3, what is -202 - -2022000100102?
2022000022200
In base 5, what is -4303 + -102134022?
-102143330
In base 16, what is 24388c6 - 1?
24388c5
In base 10, what is -23417322 + -2?
-23417324
In base 11, what is 433850 + -4?
433847
In base 16, what is -24 - -78a94e?
78a92a
In base 15, what is 28cd4c5 + -4?
28cd4c1
In base 11, what is -22743556 + -1?
-22743557
In base 10, what is -46